of 478171?
7
What is the thousands digit of 67168?
7
What is the units digit of 6503912?
2
What is the ten thousands digit of 1891580?
9
What is the hundred thousands digit of 853757?
8
What is the hundreds digit of 931848?
8
What is the hundreds digit of 527098?
0
What is the ten thousands digit of 117267?
1
What is the millions digit of 11389699?
1
What is the hundred thousands digit of 320352?
3
What is the hundred thousands digit of 5208963?
2
What is the hundreds digit of 1800011?
0
What is the hundred thousands digit of 229996?
2
What is the hundred thousands digit of 4281960?
2
What is the units digit of 87301?
1
What is the millions digit of 2734045?
2
What is the ten thousands digit of 5700481?
0
What is the thousands digit of 505632?
5
What is the ten thousands digit of 133754?
3
What is the hundred thousands digit of 676960?
6
What is the thousands digit of 2214101?
4
What is the thousands digit of 1766061?
6
What is the ten thousands digit of 491625?
9
What is the ten thousands digit of 5681675?
8
What is the ten thousands digit of 1030595?
3
What is the tens digit of 242587?
8
What is the hundreds digit of 101901?
9
What is the hundreds digit of 695508?
5
What is the units digit of 402855?
5
What is the hundred thousands digit of 2844202?
8
What is the hundred thousands digit of 705291?
7
What is the hundreds digit of 71222?
2
What is the tens digit of 14803590?
9
What is the ten thousands digit of 3953771?
5
What is the units digit of 689927?
7
What is the hundreds digit of 2479153?
1
What is the thousands digit of 1197202?
7
What is the millions digit of 3252101?
3
What is the units digit of 386505?
5
What is the hundreds digit of 1667655?
6
What is the ten thousands digit of 364143?
6
What is the tens digit of 1452178?
7
What is the units digit of 2683171?
1
What is the hundreds digit of 123573?
5
What is the hundred thousands digit of 1563529?
5
What is the tens digit of 21069033?
3
What is the thousands digit of 4313867?
3
What is the ten thousands digit of 3404790?
0
What is the ten thousands digit of 2065731?
6
What is the units digit of 9903?
3
What is the millions digit of 1116321?
1
What is the tens digit of 4193659?
5
What is the units digit of 6602144?
4
What is the units digit of 3631430?
0
What is the units digit of 1878678?
8
What is the tens digit of 10703095?
9
What is the tens digit of 1213723?
2
What is the hundreds digit of 10522308?
3
What is the tens digit of 75746?
4
What is the thousands digit of 148417?
8
What is the thousands digit of 99942?
9
What is the units digit of 1747530?
0
What is the hundreds digit of 262063?
0
What is the ten thousands digit of 85665?
8
What is the ten thousands digit of 18013906?
1
What is the hundred thousands digit of 237965?
2
What is the tens digit of 117952?
5
What is the hundreds digit of 3738745?
7
What is the thousands digit of 1012322?
2
What is the hundred thousands digit of 7061125?
0
What is the thousands digit of 7533024?
3
What is the hundred thousands digit of 6772850?
7
What is the thousands digit of 231569?
1
What is the hundred thousands digit of 451538?
4
What is the hundred thousands digit of 8476448?
4
What is the thousands digit of 6274541?
4
What is the hundred thousands digit of 297668?
2
What is the millions digit of 6038509?
6
What is the units digit of 2988629?
9
What is the hundreds digit of 536101?
1
What is the hundreds digit of 1510158?
1
What is the hundred thousands digit of 107548?
1
What is the thousands digit of 207291?
7
What is the hundreds digit of 1081261?
2
What is the ten thousands digit of 233195?
3
What is the tens digit of 140708?
0
What is the hundred thousands digit of 407714?
4
What is the hundred thousands digit of 1299439?
2
What is the tens digit of 3078663?
6
What is the millions digit of 1039674?
1
What is the tens digit of 3860202?
0
What is the units digit of 68755?
5
What is the hundred thousands digit of 192552?
1
What is the units digit of 2432195?
5
What is the hundreds digit of 2596430?
4
What is the units digit of 100230?
0
What is the hundreds digit of 846697?
6
What is the units digit of 2158093?
3
What is the thousands digit of 5780997?
0
What is the hundreds digit of 9992?
9
What is the hundreds digit of 105999?
9
What is the hundred thousands digit of 1145542?
1
What is the tens digit of 25450?
5
What is the thousands digit of 416864?
6
What is the units digit of 12239858?
8
What is the thousands digit of 112292?
2
What is the units digit of 1687094?
4
What is the tens digit of 222767?
6
What is the thousands digit of 707478?
7
What is the tens digit of 4061090?
9
What is the ten millions digit of 16017613?
1
What is the units digit of 424246?
6
What is the hundreds digit of 113545?
5
What is the units digit of 20373739?
9
What is the tens digit of 1172208?
0
What is the hundreds digit of 140171?
1
What is the units digit of 123363?
3
What is the millions digit of 15835220?
5
What is the hundred thousands digit of 5738327?
7
What is the hundred thousands digit of 12495846?
4
What is the units digit of 521547?
7
What is the tens digit of 1027187?
8
What is the thousands digit of 167471?
7
What is the ten thousands digit of 172232?
7
What is the hundred thousands digit of 1203122?
2
What is the ten thousands digit of 996324?
9
What is the units digit of 8824903?
3
What is the thousands digit of 9704913?
4
What is the ten thousands digit of 11759352?
5
What is the units digit of 557748?
8
What is the hundreds digit of 1948608?
6
What is the tens digit of 467940?
4
What is the units digit of 1793689?
9
What is the thousands digit of 2626399?
6
What is the thousands digit of 18205117?
5
What is the hundred thousands digit of 137580?
1
What is the thousands digit of 42507672?
7
What is the ten thousands digit of 14517395?
1
What is the thousands digit of 13523737?
3
What is the tens digit of 51041?
4
What is the units digit of 537288?
8
What is the hundreds digit of 1922148?
1
What is the units digit of 1285008?
8
What is the hundreds digit of 193516?
5
What is the ten thousands digit of 3971311?
7
What is the ten thousands digit of 2082176?
8
What is the hundreds digit of 629589?
5
What is the thousands digit of 798841?
8
What is the thousands digit of 217988?
7
What is the thousands digit of 509047?
9
What is the thousands digit of 1119811?
9
What is the thousands digit of 1726634?
6
What is the hundred thousands digit of 536256?
5
What is the units digit of 2015673?
3
What is the hundred thousands digit of 231731?
2
What is the millions digit of 1038370?
1
What is the hundred thousands digit of 25298862?
2
What is the millions digit of 5491438?
5
What is the hundreds digit of 1410630?
6
What is the ten thousands digit of 422807?
2
What is the units digit of 37214?
4
What is the tens digit of 711768?
6
What is the tens digit of 814265?
6
What is the thousands digit of 8536103?
6
What is the tens digit of 7865865?
6
What is the hundred thousands digit of 2237861?
2
What is the units digit of 2915554?
4
What is the tens digit of 691736?
3
What is the ten thousands digit of 485197?
8
What is the units digit of 252247?
7
What is the thousands digit of 658488?
8
What is the thousands digit of 1302096?
2
What is the millions digit of 5766546?
5
What is the hundreds digit of 416110?
1
What is the tens digit of 28343869?
6
What is the hundred thousands digit of 1107835?
1
What is the hundreds digit of 801357?
3
What is the tens digit of 937060?
6
What is the hundreds digit of 2094811?
8
What is the hundreds digit of 305742?
7
What is the ten thousands digit of 1023630?
2
What is the hundred thousands digit of 4845669?
8
What is the tens digit of 601298?
9
What is the hundred thousands digit of 225953?
2
What is the thousands digit of 414431?
4
What is the hundreds digit of 3435819?
8
What is the thousands digit of 15603416?
3
What is the units digit of 662555?
5
What is the hundred thousands digit of 1573865?
5
What is the thousands digit of 4143305?
3
What is the units digit of 42349?
9
What is the hundreds digit of 391342?
3
What is the ten thousands digit of 22858986?
5
What is the ten thousands digit of 9707349?
0
What is the units digit of 8162078?
8
What is the ten thousands digit of 2446265?
4
What is the tens di